actors of t(-19)?
2, 3, 11
Let c = 23 - 18. Suppose 9 = -2*r + 5*r + i, -3*i = c*r - 19. Suppose -r*u + 272 = 2*u. What are the prime factors of u?
2, 17
Let n(l) = -55*l - 37. Let d be n(-8). Let p = d + -212. List the prime factors of p.
191
Let t be (-4630)/(-40) + (15/12 - 1). Let k = -33 + t. List the prime factors of k.
83
Let g = 2100 + -205. What are the prime factors of g?
5, 379
Suppose -26 = -3*h + 5*h. Let k = 15 + h. Let q(d) = 7*d**3 - 2*d**2 - 2*d + 2. What are the prime factors of q(k)?
2, 23
Let v(w) be the second derivative of w**4/12 + 7*w**3/6 - 9*w**2/2 + 10*w. Let o be v(-8). List the prime factors of 92/4*(0 - o).
23
Suppose 0 = 6*i - 229 - 29. Let g = i - -44. List the prime factors of g.
3, 29
Let f(o) = o**3 - 3*o + 1. Suppose -4*c - 6 - 6 = 0. Let g be f(c). Let a = 39 + g. What are the prime factors of a?
2, 11
Let v be (-4)/(-14) - 290/(-14). Suppose -52*a + 57*a - 190 = 0. Let m = a - v. What are the prime factors of m?
17
Let c(w) = w**2 - 3*w + 2. Let y be c(3). Suppose 2 + y = t. Suppose 158 = 3*o - g, 0 = 5*o - t*g - 206 - 55. List the prime factors of o.
53
Suppose -5*v = -6*v + 3. Suppose -50 = v*k - 2. Let f = -2 - k. What are the prime factors of f?
2, 7
Let v(w) = 2*w**2 - 11*w - 3. Let n be (-8)/(-28) + 30/(-7). List the prime factors of v(n).
73
Let f = -1 + 6. Suppose -s - l - 1 = 3, f*l + 2 = 4*s. List the prime factors of -1 + (6 - (s + 1)).
2, 3
Let b(i) be the first derivative of 3*i**4/8 - 4*i**3/3 - 7*i**2/2 + 3. Let u(s) be the second derivative of b(s). List the prime factors of u(5).
37
What are the prime factors of 3493 + (28/8 - 2/(-4))?
13, 269
Suppose 5*l - 1281 = -2*w, 11*l + 9 = 8*l. What are the prime factors of w?
2, 3
What are the prime factors of 13920/540 - ((-12)/27)/2?
2, 13
Let m(f) = 3*f**2. Let u be m(1). Suppose x - 5*j + 19 = -11, 4*x + u*j + 5 = 0. Let b(n) = n**2 - 4*n - 3. List the prime factors of b(x).
2, 3, 7
Suppose -l - 4*w = -3*w - 232, -3*l + 4*w + 724 = 0. Let p(o) = -47*o - 243. Let g be p(-7). Suppose 3*d - l = -g. What are the prime factors of d?
2, 5
Suppose -5*a + 10660 = 2*l, -a + 5*l + 2144 = 3*l. List the prime factors of a.
2, 11, 97
Let a(j) = 9*j**2 - 2*j + 2. Let h = 19 + -19. Suppose 5*y - 4*p = -h - 2, 3*y - 4*p + 6 = 0. List the prime factors of a(y).
2, 17
Let y(j) = -31*j**3 - 2*j**2 + 11*j + 18. What are the prime factors of y(-2)?
2, 59
What are the prime factors of (-92)/69 - 74*(-122)/12?
751
Suppose 3*v = -n + 6, n = -v + 2*n + 2. Suppose 8 + 206 = v*c. List the prime factors of c.
107
Let c(s) = 2*s**2 - 21*s - 8. Let d be c(11). Suppose 2*n = -3*q + 102, -d*q - 4*n - 68 = -5*q. List the prime factors of q.
2, 17
Suppose u = 4*u - 2511. Suppose -6*y - 129 = -u. List the prime factors of y.
2, 59
Suppose 5*h = 5, 4*x + 5*h = 3*h + 82. What are the prime factors of (x/6)/((-6)/(-108))?
2, 3, 5
Let a = 28 - -39. Let y = a - -10. What are the prime factors of y?
7, 11
Let r = -15 + 9. Let b = r + 6. Let a = b + 41. List the prime factors of a.
41
Let u be (3/9)/((-3)/(-225)). Let h be ((-27)/45)/((-1)/u). Suppose -4*g = -0*g + 4*r, 0 = 4*g + r - h. List the prime factors of g.
5
Let r(n) = 32*n + 119. List the prime factors of r(3).
5, 43
Let d(g) = 32*g**2 - 2*g - 1. Let y be d(2). Let v be (-2)/3 + 205/15. Suppose 0 = -5*j - v + y. What are the prime factors of j?
2, 11
Suppose -2*g = -2, -4*l + 6835 = -9*g + 12*g. What are the prime factors of l?
2, 7, 61
Let q(p) = 2*p + 16. Let c be q(-7). Suppose 9 + 19 = -c*g - l, -3*g - l = 41. Let y(m) = -5*m - 20. List the prime factors of y(g).
3, 5
Let a be 3/(6/(-4)) - -1. Let c = 7 + a. What are the prime factors of 0/c - -23*1?
23
Let p be 8/44 + (-126)/(-33). Suppose -6 = -l - 3*x, -x + 2*x - 13 = -4*l. Suppose p*a - l = 9. What are the prime factors of a?
3
Suppose -2*f + 5*p + 8 = 0, -f = 5*p - 40 + 6. Let m = f + -13. Let h = 7 + m. What are the prime factors of h?
2
Suppose -2434 = -k + 3*b, 30 = k + b - 2412. What are the prime factors of k?
2, 5, 61
Let y(n) be the first derivative of -1/4*n**4 - 4*n**3 + 11/2*n**2 - 4*n - 2. What are the prime factors of y(-13)?
2, 11
Let j = 51 + -48. Suppose 0 = j*f + 2*z - 237, -3*f - f + 318 = 2*z. What are the prime factors of f?
3
Let d(b) be the second derivative of b**5/20 - 4*b**4/3 + b**3/3 - 8*b**2 + 2*b. Let q be d(16). Let y = 35 - q. What are the prime factors of y?
19
Suppose -357 = 7*c - 2016. List the prime factors of c.
3, 79
Suppose 0 = -7*w + 3*w - 8. Let j be (w/(-5))/((-5)/(-750)). Suppose s + s + 4*r = j, 5*s - 108 = 4*r. List the prime factors of s.
2, 3
Suppose -p + 3823 = 3*l, 3*p + 10 = 4. What are the prime factors of l?
3, 5, 17
Suppose 3*u + 7 = 4*d, -11 = 2*u - d + 2. List the prime factors of (297/12)/(u/(-24)).
2, 3, 11
Suppose 5*l = 4*o + 1893, -6*o - 771 = -2*l - 9*o. What are the prime factors of l?
3, 127
List the prime factors of (-18)/(-567)*-3 + (-280671)/(-63).
3, 5, 11
Suppose -p + 336 = 5*u, -5*p + 9*p - 4*u = 1464. List the prime factors of p.
19
Let i(q) = -q**2 - 5*q. Let w = -12 + 8. Let l be i(w). Suppose -l*b = b - 50. List the prime factors of b.
2, 5
Let w be (-1 - 8) + (-2 + -1)*1. Let o = 30 + w. What are the prime factors of o?
2, 3
Suppose -72*l + 84053 = -53035. List the prime factors of l.
2, 7, 17
Let n = 48 - 45. Suppose -5*u - 5 = 0, -n*r + 2*u + 455 = -330. List the prime factors of r.
3, 29
Suppose 2*s - 18 = 4*k, 19 = -5*k + 4. Suppose 5*d = -3*t + 55, -2*t = s*t - 2*d - 133. What are the prime factors of (-5)/15 + t/3?
2
Let y = 49 + -49. Suppose y = 17*d - 20*d + 381. What are the prime factors of d?
127
Suppose -3*p + p = 2*s - 2670, -1317 = -p + 5*s. List the prime factors of p.
2, 3, 37
Let l be 2*-3*12/(-9). Suppose 4*j - l = -4*w, 4*j = 3*w - 5 + 27. Let m(h) = 4*h**2 + 2*h - 2. What are the prime factors of m(w)?
2, 5
Let v(b) = -b**3 - 4*b**2 - 4*b + 4. Let l be v(-4). Let i = l - 18. List the prime factors of 4/(-8)*-74 + i.
3, 13
Let g be (-91)/(-21) - (-2)/3. Let d = -19 - -32. Suppose 3*u + 2*t = -31 + 87, -d = -u + g*t. List the prime factors of u.
2, 3
Suppose -3*m + 6 = -6*m. List the prime factors of (-4 - m) + (-92)/(-4).
3, 7
Suppose -6*v = 4*d - 4*v - 4486, 2*d - v = 2241. List the prime factors of d.
19, 59
Let r(w) = w**3 - 7*w**2 + 5*w + 11. Let b be r(6). Let i = 15 + b. What are the prime factors of i?
2, 5
Suppose 3*v = 5*r + 259, 357 = 3*v + v + 5*r. Suppose 2*l = -70 + v. List the prime factors of l.
3
Let i = 22 - 0. Suppose i + 1 = c - 2*w, 4*c - 4*w = 88. What are the prime factors of c?
3, 7
What are the prime factors of 2 - (-154 - -5 - 4)?
5, 31
Suppose 0 = 9*t - 13477 + 3586. Suppose 7*w = t - 273. List the prime factors of w.
2, 59
Let t be (-14 - -18)*10/(-4). Let f = 14 + t. Suppose 2*z + 48 = m, z - f = -z. List the prime factors of m.
2, 13
List the prime factors of (-9 - 79)/((-14)/13 + 1).
2, 11, 13
Let z = 78 - -357. What are the prime factors of z?
3, 5, 29
Let m be (17/3)/(2/(-6)). Let n = m + 21. Suppose 0 = -4*x - 3*j + 196, -j + 196 = n*x - 5*j. What are the prime factors of x?
7
Let o = 275 - 149. Suppose w - 2*w + 3*s = -42, 0 = -3*w - 3*s + o. List the prime factors of w.
2, 3, 7
Suppose 164*p - 165*p + 4232 = 0. List the prime factors of p.
2, 23
Suppose -b + 3*b = 16. Let f(s) = -4*s + 2. Let c be f(b). What are the prime factors of (2 - (-5)/(-2))*c?
3, 5
Suppose 2*g + 0*g + 25 = -o, 5*o = 2*g + 55. Let n = g + 18. Suppose -75 = -n*j + 60. What are the prime factors of j?
3, 5
Suppose -5*w - 19 = -4*n + 14, 19 = -3*n - 5*w. Suppose 0 = -5*p - 3*k + 196, n*p + 4*k - 76 = 2*k. What are the prime factors of p?
41
List the prime factors of ((-3)/(-2))/((-27)/(-21132)).
2, 587
Suppose 9*p - 8*p = 1686. List the prime factors of p/9 - (1/3 + 0).
11, 17
What are the prime factors of ((-9)/(-24))/3 + 40692/96?
2, 53
Let s = -124 - -45. Let f = s - -158. What are the prime factors of f?
79
Suppose 0 = -2*d + 120 + 116. Let s = -58 + d. List the prime factors of s.
2, 3, 5
Let a(f) = -136*f + 165. List the prime factors of a(-15).
3, 5, 7
Let v(j) be the third derivative of 19*j**4/24 - j**3/6 - 8*j**2. List the prime factors of v(2).
37
List the prime factors of (-2507)/(-4)*(-7 + -4 + 15).
23, 109
Let a be 492/16 - 3/(-12). Let w = a + -105. Let